 q. Let r(z) = -z**3 + 5*z**2 - 4*z + 3. Let b be r(q). Suppose -3*m = -b*m + 96. What is the tens digit of m?
2
Let r be 10/(-40) + 350/(-8) + -1. Let k = 12 - r. What is the units digit of k?
7
Let v be 110/2 + -2 - 0. Suppose 0 = -6*w + 2*w + 12. Suppose c - 15 = 4*m, 0*c = w*c - 4*m - v. What is the units digit of c?
9
Let u = 37 - 33. What is the units digit of (u - 6)*(-18 + 2)?
2
Let n = 2 + 2. Let h(b) = 15*b - 17. What is the tens digit of h(n)?
4
Let b be (5 - 6) + (2 - 1). Suppose -3*f - 12 = 0, 5*y + b*y + 4*f = 294. What is the tens digit of y?
6
What is the units digit of (-30)/(-5 + 120/25)?
0
What is the tens digit of (-1874)/(-4) - ((-14)/4 + 5)?
6
Let l be (8/(-14))/((-24)/84). Suppose 45 = 3*h + f + f, -2*h + l*f + 20 = 0. What is the tens digit of h?
1
Let y(m) = m - 3. Let i be y(9). Suppose -13*f = -i*f - 882. What is the units digit of f?
6
Suppose 2*z - 34 = -0*z. Suppose -12 = z*a - 20*a. Suppose p + 2*k - 44 = 0, -3*k = 2*p - a*k - 73. What is the tens digit of p?
3
Let w(r) = -3*r - 5. Let z be w(-3). Suppose -z*n + 10*n - 624 = 0. What is the units digit of n?
4
What is the units digit of 13584/10 - 36/90?
8
Suppose 4*t = 3*t + 5*i + 1875, 0 = -5*t - 2*i + 9402. What is the tens digit of t?
8
Suppose 5*j = 2*x + 2450, -2*j + 3*x - 40 + 1009 = 0. Suppose -3*w - j = -7*w. What is the hundreds digit of w?
1
Suppose 2*a - 4 = -0*a. Suppose 0*c + 54 = 4*c + q, -a*q + 38 = 3*c. What is the units digit of c?
4
Suppose 0 = -20*w + 36343 - 10523. What is the units digit of w?
1
Let b(c) = c - 2. Let l be b(4). Suppose 9 = -l*p - 7. What is the units digit of (-2)/(-8) - 110/p?
4
What is the tens digit of (-1)/(8/(-19272)*3)?
0
Suppose 5*o + z - 2*z - 5601 = 0, -2*o + 2250 = 2*z. What is the units digit of o?
1
Let r = 14 + -10. Let u(g) = 3*g + 12. What is the tens digit of u(r)?
2
Let y(c) = -c**3 - 5*c**2 - 24*c - 19. What is the units digit of y(-9)?
1
Suppose 5*m - 5*t + 2282 - 19492 = 0, 5*t = 4*m - 13768. What is the tens digit of m?
4
Suppose 44*t - 1405 = 44179. What is the tens digit of t?
3
Suppose -3*h - 2*h = -3*b, -2*h + 5*b = 0. Suppose -j = -h*j - 9. What is the units digit of j?
9
Suppose 5*a + 19 = 4*g - 21, -4*a = -5*g + 59. What is the units digit of g?
5
Suppose -5*z - 2 + 11 = b, z + 2 = -4*b. Let h be (b + 2)*(9 - -38). Suppose -q - 3*t + 15 = 1, 3*q + 4*t - h = 0. What is the units digit of q?
7
Let s = 2 - -2. Let l(r) = -s*r**3 - r**3 - r - 2*r**2 + 0*r - r - 1. What is the units digit of l(-1)?
4
What is the thousands digit of (-1)/(9/25029*-1)?
2
Suppose 5*h - 11 = 9. Let y(o) = -o**3 - 5*o**2 - 9*o - 33. Let x be y(-5). Suppose h*j + 4*s = x, s + 12 + 1 = j. What is the units digit of j?
8
Let y(b) = -2*b**3 + 5*b**2 + 5*b + 17. What is the hundreds digit of y(-6)?
5
Suppose -5*d = -r - 40, 0 = 2*r - 10 - 0. Let g = d + -3. Let n = g + -4. What is the units digit of n?
2
Let b(o) = o**3 + 12*o**2 - 29*o + 35. What is the units digit of b(-14)?
9
Let q(g) = -6*g - 3. Let b be q(-1). Suppose -3*m = -z + 4*z - 33, 2*z + 18 = b*m. What is the units digit of m?
8
Let k(x) = -x**2 - 13*x - 1. Let c be k(-6). Let i = -8 - -11. What is the units digit of 9/12*(c + i)?
3
Suppose -b - 4 = 0, 3*b + 13 = 2*g - 7. Let d be 2/(g/((-480)/(-4))). Suppose 5*t = 5*v - d, -5*t = 5*v - t - 60. What is the tens digit of v?
1
Let m(t) = 14*t**2 - 11*t + 2. Let h be m(-12). Suppose 3*w = 5*i - 2292, -4*w = -4*i + h + 906. What is the units digit of 2/(-3 - w/252)?
3
Let w be (-2)/12 + (-13840)/(-96). Suppose 5*a - 4*o = 57 + w, -3*o = 3*a - 126. Let v = -12 + a. What is the units digit of v?
9
Suppose -3*j - 2*s - 332 = -0*j, -3*j + 4*s - 308 = 0. Let h = -78 - j. What is the units digit of h?
0
Let i(b) = -5*b**3 + 12*b**2 - 17*b + 11. Let d(x) = -9*x**3 + 24*x**2 - 34*x + 23. Let a(t) = 6*d(t) - 11*i(t). What is the tens digit of a(-13)?
6
Suppose 0 = -3*m + 6, -3*c + m + 0*m = 164. Let i be ((-5)/3)/(18/c). What is the units digit of ((-6)/i)/((-12)/40)?
4
Let k(s) = 13*s + 59. What is the tens digit of k(24)?
7
Let j be (-4)/18 - (-94)/18. Suppose 2*z = j*y - 365, y - 3*z - 91 + 18 = 0. What is the tens digit of y?
7
Suppose -5522 = -11*g - 0*g. What is the tens digit of g?
0
Let u = -22 - -295. What is the hundreds digit of u?
2
Let a(s) be the first derivative of 7*s**3/3 + s**2/2 + 2*s - 2. Let y be a(2). What is the tens digit of (2/(-1) - -1) + y?
3
Let y(r) = r**2 + 11*r + 25. Suppose -2*l + 28 = -4*l. What is the tens digit of y(l)?
6
Suppose 0 = 20*v - 30*v + 10170. What is the hundreds digit of v?
0
Let c be (84/70)/((-6)/(-40)). Suppose c*o - 7*o = 66. What is the tens digit of o?
6
Let j(m) = 2*m - 12. Let k be j(9). Suppose 5*d + 9 + k = 0. Let o = 6 + d. What is the units digit of o?
3
Suppose -2*t - 1123 = -3*k, -2*t + 1115 = 3*k - 0*t. Let h = -124 + k. What is the units digit of h?
9
Let d(l) = 24 + 6 - 2*l + 30 - 18. What is the tens digit of d(0)?
4
Let b = -28 - -183. What is the units digit of b?
5
Let u(v) be the second derivative of v**3/3 - 7*v**2/2 + 3*v. Let d be u(5). Let j = d - -4. What is the units digit of j?
7
What is the hundreds digit of (-11)/(275/(-72698)) - (-4)/50?
9
Suppose 5*n = -2*g + 18957, 3*n + 10*g - 11391 = 13*g. What is the units digit of n?
3
Let d(k) = 169*k - 1353. What is the tens digit of d(41)?
7
Suppose -5*d = -c - 5, 2*d + 0*c + 5*c - 29 = 0. Suppose 257 = 4*h - d*u - 3*u, 5*h - 334 = 2*u. What is the tens digit of h?
6
Let n = 4 + 1. Let v(x) = -83*x - 87*x + 164*x + 7 + 2*x**2. What is the tens digit of v(n)?
2
Let b(a) = 2*a**2 + 13*a - 18. Let n be b(9). Suppose -514 - n = -5*f. What is the hundreds digit of f?
1
Suppose -2*n = 5 - 11. Suppose 26 = n*h + 5*b, -h + 2*h = b + 6. Suppose -y = h*y - 128. What is the units digit of y?
6
Suppose 0 = -c - 3 + 9. Suppose 2*p = 4*a + 144, 3 = 3*a + c. What is the tens digit of p?
7
Let t = 20 + 49. Suppose 3*q + 5*w = 253, w = -2*q + 88 + t. What is the units digit of q?
6
Suppose 6*u - 22*u = -11*u. Suppose 4*k + y = 393, -3*k + u*y = 3*y - 297. What is the units digit of k?
8
Let m(y) = -41*y + 8. What is the hundreds digit of m(-13)?
5
Let k(f) = 10*f**2 - 2*f + 6. Suppose -5*r - 20 = -5*m, -2*m + 3*r = -r - 8. What is the hundreds digit of k(m)?
1
What is the units digit of (-10094)/(-18) - (-1 + 84/108)?
1
Let p(h) = -h**2 + 13*h - 8. Let o = 54 - 38. Let i be -8*(-2 - (-12)/o). What is the tens digit of p(i)?
2
Suppose -2*b + 6 = b. Suppose 4*c = -2*j - 2*j + 108, 2*c = -8. Suppose v - s = j, -14 - 13 = -b*v - 5*s. What is the tens digit of v?
2
Let c = -1620 + 1839. What is the hundreds digit of c?
2
Suppose -5*u = -10, 4*d + 4*u + 25 = 377. What is the tens digit of d?
8
Let a = -45 + 124. Suppose 0*i = -i + a. What is the units digit of i?
9
What is the units digit of (3/12*-1174)/(3/(-6))?
7
Let k(p) = -95*p - 1. Suppose 0 = -8*g - 15 - 1. What is the units digit of k(g)?
9
Suppose 0 = -4*w - 3*t + 8*t + 513, 0 = -4*t + 12. Suppose -5*m + w = -5*z - 88, m = 3*z + 38. What is the tens digit of m?
4
Suppose 11*a - 1230 = 6*a. What is the tens digit of a?
4
Let y(d) = d**3 - 7*d**2 + 6*d + 3. Let q be y(6). Suppose 0 = q*z - 3*x - 12, 2*z = -3*z - 4*x + 2. What is the units digit of 1/z*(31 - 3)?
4
Suppose 0 = -9*q + 2*q + 791. Let s = q - 27. What is the units digit of s?
6
Let m(v) = -8*v + 30. Let w be m(13). Let f = 79 + w. What is the units digit of f?
5
Let b = 19 + -22. Let g be 14/(b/12*-1). Let z = 81 - g. What is the units digit of z?
5
Suppose o - 2*o = -4*d + 18, -10 = -2*d. Let k be (8 - 7)/(o/12). Suppose m = -m + k. What is the units digit of m?
3
Let o(l) = -l + 13. Let y be o(4). Let x = y + -5. Suppose -2*v - 22 = -x*m, -m + 0*v = 3*v - 9. What is the units digit of m?
6
Let q(l) = 7*l**3 + 8*l**2 - 2*l + 11. Let b(x) = -20*x**3 - 23*x**2 + 5*x - 32. Let t(n) = 6*b(n) + 17*q(n). What is the units digit of t(-5)?
0
Let u(v) = -802*v - 173. What is the thousands digit of u(-2)?
1
Let k = 257 - 32. What is the units digit of k?
5
Suppose -16*s + 18 = -334. What is the units digit of s?
2
Let k be 80/45 + 2/9. Let r = 20 + 32. Suppose 4*t = -0*t - w + r, k*t + w = 24. What is the tens digit of t?
1
Suppose k + 0*k = -45. Let h = 16 - k. Suppose -o + 4*t + 39 = 0, 2*o + 4*t = h - 19. What is t